{"id":19853,"date":"2026-04-08T18:06:38","date_gmt":"2026-04-08T22:06:38","guid":{"rendered":"https:\/\/mountainhouse.cl\/?post_type=product&#038;p=19853"},"modified":"2026-04-08T18:21:30","modified_gmt":"2026-04-08T22:21:30","slug":"abrigo-pluma-mujer-tromso-parka-mountain-equipment","status":"publish","type":"product","link":"https:\/\/mountainhouse.cl\/en\/product\/abrigo-pluma-mujer-tromso-parka-mountain-equipment\/","title":{"rendered":"ABRIGO PLUMA MUJER TROMSO PARKA MOUNTAIN EQUIPMENT"},"content":{"rendered":"<h6 data-path-to-node=\"3\">Mountain Equipment Tromso Women&#8217;s Parka: <span class=\"citation-99 citation-end-99\">Dise\u00f1o Elegante y Funcional.<\/span><\/h6>\n<p>&nbsp;<\/p>\n<ul class=\"icon_with_text text-black text-md product__details__icon-text\">\n<li class=\"flex-grow flex flex-row w-full items-center gap-y-2 text-left mb-2\"><picture class=\"only:my-auto o-picture\"><img decoding=\"async\" class=\"o-img\" src=\"https:\/\/mountain-equipment.eu\/cdn\/shop\/files\/mountain.png?height=28&amp;v=1694513313&amp;width=28\" sizes=\"28px\" srcset=\"\/\/mountain-equipment.eu\/cdn\/shop\/files\/mountain.png?height=28&amp;v=1694513313&amp;width=28 28w\" alt=\"\" width=\"28\" height=\"28\" data-src=\"\/\/mountain-equipment.eu\/cdn\/shop\/files\/mountain.png?height=28&amp;v=1694513313&amp;width=28\" data-srcset=\"\/\/mountain-equipment.eu\/cdn\/shop\/files\/mountain.png?height=28&amp;v=1694513313&amp;width=28 28w\" \/> Ideal para: Ocio y vida cotidiana<\/picture><\/li>\n<li class=\"flex-grow flex flex-row w-full items-center gap-y-2 text-left mb-2\"><picture class=\"only:my-auto o-picture\"><img decoding=\"async\" class=\"o-img\" src=\"https:\/\/mountain-equipment.eu\/cdn\/shop\/files\/weight.png?height=28&amp;v=1694513091&amp;width=28\" sizes=\"28px\" srcset=\"\/\/mountain-equipment.eu\/cdn\/shop\/files\/weight.png?height=28&amp;v=1694513091&amp;width=28 28w\" alt=\"\" width=\"28\" height=\"28\" data-src=\"\/\/mountain-equipment.eu\/cdn\/shop\/files\/weight.png?height=28&amp;v=1694513091&amp;width=28\" data-srcset=\"\/\/mountain-equipment.eu\/cdn\/shop\/files\/weight.png?height=28&amp;v=1694513091&amp;width=28 28w\" \/> Peso: 780 g (talla 12\/M)<\/picture><\/li>\n<li class=\"flex-grow flex flex-row w-full items-center gap-y-2 text-left mb-2\"><picture class=\"only:my-auto o-picture\"><img decoding=\"async\" class=\"o-img\" src=\"https:\/\/mountain-equipment.eu\/cdn\/shop\/files\/modelsizeicon.png?height=28&amp;v=1724153068&amp;width=28\" sizes=\"28px\" srcset=\"\/\/mountain-equipment.eu\/cdn\/shop\/files\/modelsizeicon.png?height=28&amp;v=1724153068&amp;width=28 28w\" alt=\"\" width=\"28\" height=\"28\" data-src=\"\/\/mountain-equipment.eu\/cdn\/shop\/files\/modelsizeicon.png?height=28&amp;v=1724153068&amp;width=28\" data-srcset=\"\/\/mountain-equipment.eu\/cdn\/shop\/files\/modelsizeicon.png?height=28&amp;v=1724153068&amp;width=28 28w\" \/> La modelo mide 1,70 m y lleva una talla 12<\/picture><\/li>\n<\/ul>\n<h6 data-path-to-node=\"5\"><b data-path-to-node=\"5\" data-index-in-node=\"0\">Descripci\u00f3n<\/b><\/h6>\n<p data-path-to-node=\"5\">La Parka Tromso de Mountain Equipment es el est\u00e1ndar mundial en calidez t\u00e9cnica y sostenibilidad. <span class=\"citation-99 citation-end-99\">Dise\u00f1ada para quienes enfrentan inviernos g\u00e9lidos, esta prenda combina una protecci\u00f3n clim\u00e1tica excepcional con un dise\u00f1o elegante y funcional.<\/span><\/p>\n<p data-path-to-node=\"6\"><span class=\"citation-98\">Su exterior de tejido <\/span><b data-path-to-node=\"6\" data-index-in-node=\"22\"><span class=\"citation-98\">DRILITE\u00ae LOFT 50D<\/span><\/b><span class=\"citation-98 citation-end-98\"> es totalmente resistente al viento y altamente repelente al agua, protegiendo el interior de plum\u00f3n incluso en condiciones de humedad o nieve.<\/span> Con un relleno de <b data-path-to-node=\"6\" data-index-in-node=\"201\">290g de plum\u00f3n reciclado de 700 CUIN<\/b>, ofrece una capacidad t\u00e9rmica superior sin a\u00f1adir peso excesivo, manteniendo el calor corporal en los d\u00edas m\u00e1s fr\u00edos de la Patagonia.<\/p>\n<div class=\"source-inline-chip-container ng-star-inserted\"><\/div>\n<p data-path-to-node=\"7\"><b data-path-to-node=\"7\" data-index-in-node=\"0\">Caracter\u00edsticas principales:<\/b><\/p>\n<ul data-path-to-node=\"8\">\n<li>\n<p data-path-to-node=\"8,0,0\"><b data-path-to-node=\"8,0,0\" data-index-in-node=\"0\">Aislamiento:<\/b><span class=\"citation-97 citation-end-97\"> 290g de plum\u00f3n reciclado de alta calidad (700 fill power).<\/span><\/p>\n<\/li>\n<li>\n<p data-path-to-node=\"8,1,0\"><b data-path-to-node=\"8,1,0\" data-index-in-node=\"0\">Tejido Exterior:<\/b><span class=\"citation-96 citation-end-96\"> DRILITE\u00ae LOFT 50D; totalmente cortaviento y altamente resistente al agua (DWR libre de PFC).<\/span><\/p>\n<\/li>\n<li>\n<p data-path-to-node=\"8,2,0\"><b data-path-to-node=\"8,2,0\" data-index-in-node=\"0\">Corte:<\/b> Parka de largo extendido para mayor cobertura y calidez en la zona de la cadera.<\/p>\n<\/li>\n<li>\n<p data-path-to-node=\"8,3,0\"><b data-path-to-node=\"8,3,0\" data-index-in-node=\"0\"><span class=\"citation-95\">Capucha &#8220;Mountain&#8221;:<\/span><\/b><span class=\"citation-95 citation-end-95\"> Ajustable y desmontable mediante cierre para mayor versatilidad.<\/span><\/p>\n<\/li>\n<li>\n<p data-path-to-node=\"8,4,0\"><b data-path-to-node=\"8,4,0\" data-index-in-node=\"0\">Almacenamiento:<\/b><span class=\"citation-94 citation-end-94\"> 2 bolsillos laterales con cierre para calentar las manos y un bolsillo interno de seguridad.<\/span><\/p>\n<\/li>\n<li>\n<p data-path-to-node=\"8,5,0\"><b data-path-to-node=\"8,5,0\" data-index-in-node=\"0\">Sostenibilidad:<\/b><span class=\"citation-93 citation-end-93\"> Certificaci\u00f3n Fair Wear y uso de materiales 100% reciclados.<\/span><\/p>\n<\/li>\n<li>\n<p data-path-to-node=\"8,6,0\"><b data-path-to-node=\"8,6,0\" data-index-in-node=\"0\">Peso:<\/b>\u00a0780g.<\/p>\n<\/li>\n<\/ul>\n<div>\n<p class=\"flex flex-nowrap font-heading text-lg\"><strong>Gu\u00eda de lavado y cuidado<\/strong><\/p>\n<\/div>\n<div class=\"c-wysiwyg c-wysiwyg--feature-tab-content c-wysiwyg--feature-tab-content-md pt-5 pb-5 lg:pr-8 lg:pl-8\">\n<div class=\"metafield-rich_text_field\">\n<div class=\"inline-flex flex-col lg:flex-row w-full lg:w-1\/2\">\n<p class=\"font-heading lg:mb-0 mb-3 lg:w-1\/4\"><strong>Lavado &#8211;\u00a0<\/strong><span style=\"font-size: 16px;\">Lavar a m\u00e1quina a 30\u00b0C con detergente l\u00edquido o un limpiador especializado. <\/span><\/p>\n<p class=\"font-heading lg:mb-0 mb-3 lg:w-1\/4\"><strong>El secado &#8211;\u00a0<\/strong><span style=\"font-size: 16px;\">Secar en secadora a temperatura baja.\u00a0<\/span><\/p>\n<\/div>\n<div class=\"inline-flex flex-col lg:flex-row w-full lg:w-1\/2\">\n<p class=\"font-heading lg:mb-0 mb-3 lg:w-1\/4\"><strong>Almacenamiento &#8211;\u00a0<\/strong><span style=\"font-size: 16px;\">Conservar en un lugar fresco y seco, alejado de la luz solar directa.<\/span><\/p>\n<\/div>\n<\/div>\n<\/div>","protected":false},"excerpt":{"rendered":"<p>La parka Tromso de corte m\u00e1s largo es un abrigo de plum\u00f3n robusto y c\u00e1lido para el uso diario en invierno con temperaturas g\u00e9lidas.<\/p>\n<p><img loading=\"lazy\" decoding=\"async\" class=\"alignnone wp-image-7357\" src=\"https:\/\/mountainhouse.cl\/wp-content\/uploads\/2021\/06\/Mountain_Equipment_Logo-svg-300x186.png\" alt=\"\" width=\"177\" height=\"110\" srcset=\"https:\/\/mountainhouse.cl\/wp-content\/uploads\/2021\/06\/Mountain_Equipment_Logo-svg-300x186.png 300w, https:\/\/mountainhouse.cl\/wp-content\/uploads\/2021\/06\/Mountain_Equipment_Logo-svg-1024x634.png 1024w, https:\/\/mountainhouse.cl\/wp-content\/uploads\/2021\/06\/Mountain_Equipment_Logo-svg-768x475.png 768w, https:\/\/mountainhouse.cl\/wp-content\/uploads\/2021\/06\/Mountain_Equipment_Logo-svg-1536x951.png 1536w, https:\/\/mountainhouse.cl\/wp-content\/uploads\/2021\/06\/Mountain_Equipment_Logo-svg-600x371.png 600w, https:\/\/mountainhouse.cl\/wp-content\/uploads\/2021\/06\/Mountain_Equipment_Logo-svg.png 2000w\" sizes=\"(max-width: 177px) 100vw, 177px\" \/><\/p>","protected":false},"featured_media":19860,"template":"","meta":{"om_disable_all_campaigns":false,"_uf_show_specific_survey":0,"_uf_disable_surveys":false,"site-sidebar-layout":"default","site-content-layout":"","ast-site-content-layout":"default","site-content-style":"default","site-sidebar-style":"default","ast-global-header-display":"","ast-banner-title-visibility":"","ast-main-header-display":"","ast-hfb-above-header-display":"","ast-hfb-below-header-display":"","ast-hfb-mobile-header-display":"","site-post-title":"","ast-breadcrumbs-content":"","ast-featured-img":"","footer-sml-layout":"","ast-disable-related-posts":"","theme-transparent-header-meta":"default","adv-header-id-meta":"","stick-header-meta":"","header-above-stick-meta":"","header-main-stick-meta":"","header-below-stick-meta":"","astra-migrate-meta-layouts":"set","ast-page-background-enabled":"default","ast-page-background-meta":{"desktop":{"background-color":"","background-image":"","background-repeat":"repeat","background-position":"center center","background-size":"auto","background-attachment":"scroll","background-type":"","background-media":"","overlay-type":"","overlay-color":"","overlay-opacity":"","overlay-gradient":""},"tablet":{"background-color":"","background-image":"","background-repeat":"repeat","background-position":"center center","background-size":"auto","background-attachment":"scroll","background-type":"","background-media":"","overlay-type":"","overlay-color":"","overlay-opacity":"","overlay-gradient":""},"mobile":{"background-color":"","background-image":"","background-repeat":"repeat","background-position":"center center","background-size":"auto","background-attachment":"scroll","background-type":"","background-media":"","overlay-type":"","overlay-color":"","overlay-opacity":"","overlay-gradient":""}},"ast-content-background-meta":{"desktop":{"background-color":"var(--ast-global-color-5)","background-image":"","background-repeat":"repeat","background-position":"center center","background-size":"auto","background-attachment":"scroll","background-type":"","background-media":"","overlay-type":"","overlay-color":"","overlay-opacity":"","overlay-gradient":""},"tablet":{"background-color":"var(--ast-global-color-5)","background-image":"","background-repeat":"repeat","background-position":"center center","background-size":"auto","background-attachment":"scroll","background-type":"","background-media":"","overlay-type":"","overlay-color":"","overlay-opacity":"","overlay-gradient":""},"mobile":{"background-color":"var(--ast-global-color-5)","background-image":"","background-repeat":"repeat","background-position":"center center","background-size":"auto","background-attachment":"scroll","background-type":"","background-media":"","overlay-type":"","overlay-color":"","overlay-opacity":"","overlay-gradient":""}},"_joinchat":[]},"product_brand":[3978],"product_cat":[71,452,117,149,126,145,153,1317,102,453,147,152,857,35,151,150,389,148,128],"product_tag":[4354,1067,4333,242,4330,4335,4351,1374,221,1061,244,676,4336,489,1068,1069,4356,256,4331,4350,4355,4325,283,4337,4349,1830,3445,4338,4334,4353,3446,314,1386,1116,4352,4332,3650,1070,3443,1388,1387,3652,409,1384,1371,1385],"class_list":["post-19853","product","type-product","status-publish","has-post-thumbnail","product_brand-mountain-equipment","product_cat-chaquetasm","product_cat-antarctica","product_cat-chaquetas_pluma","product_cat-ciclismo","product_cat-cortaviento","product_cat-equipamiento","product_cat-expedicion","product_cat-winter","product_cat-lifestyle","product_cat-lifestylem","product_cat-montana-equipamiento","product_cat-moto","product_cat-me","product_cat-mujer","product_cat-pesca","product_cat-running_trail","product_cat-ski-snowboard","product_cat-trekking-equipamiento","product_cat-vestuario","product_tag-abrigo-tecnico-para-patagonia","product_tag-capa-intermedia","product_tag-capa-media-termica-patagonia","product_tag-chaqueta-de-pluma","product_tag-chaqueta-de-pluma-reciclada","product_tag-chaqueta-outdoor-eco-friendly","product_tag-chaqueta-termica-reciclada","product_tag-corta-viento","product_tag-cortaviento","product_tag-cortavientos","product_tag-down","product_tag-down-jacket","product_tag-equipo-para-torres-del-paine","product_tag-jacket","product_tag-mid-layer","product_tag-midlayer","product_tag-moda-tecnica-sostenible","product_tag-mountain-equipment","product_tag-mountain-equipment-earthrise-chile","product_tag-mountain-equipment-earthrise-parka-chile","product_tag-mountain-house-magallanes","product_tag-mountain-house-punta-arenas","product_tag-mujer","product_tag-mujer-chaqueta","product_tag-parka-de-pluma-mujer-larga","product_tag-parka-mujer","product_tag-particle","product_tag-pluma-mujer","product_tag-plumon-700-fill-power","product_tag-plumon-etico-down-codex","product_tag-polarloft","product_tag-polartec","product_tag-rip-stop","product_tag-ripstop","product_tag-ropa-de-invierno-mujer-punta-arenas","product_tag-ropa-tecnica-sostenible-mujer","product_tag-segunda-capa","product_tag-sintetico","product_tag-synthetic","product_tag-tela-anti-desgarre","product_tag-tela-ripstop","product_tag-vegan","product_tag-waterproof","product_tag-windproof","product_tag-windproof-down","product_tag-windstopper-down-jacket","desktop-align-left","tablet-align-left","mobile-align-left","first","instock","shipping-taxable","purchasable","product-type-variable"],"_links":{"self":[{"href":"https:\/\/mountainhouse.cl\/en\/wp-json\/wp\/v2\/product\/19853","targetHints":{"allow":["GET"]}}],"collection":[{"href":"https:\/\/mountainhouse.cl\/en\/wp-json\/wp\/v2\/product"}],"about":[{"href":"https:\/\/mountainhouse.cl\/en\/wp-json\/wp\/v2\/types\/product"}],"version-history":[{"count":1,"href":"https:\/\/mountainhouse.cl\/en\/wp-json\/wp\/v2\/product\/19853\/revisions"}],"predecessor-version":[{"id":19869,"href":"https:\/\/mountainhouse.cl\/en\/wp-json\/wp\/v2\/product\/19853\/revisions\/19869"}],"wp:featuredmedia":[{"embeddable":true,"href":"https:\/\/mountainhouse.cl\/en\/wp-json\/wp\/v2\/media\/19860"}],"wp:attachment":[{"href":"https:\/\/mountainhouse.cl\/en\/wp-json\/wp\/v2\/media?parent=19853"}],"wp:term":[{"taxonomy":"product_brand","embeddable":true,"href":"https:\/\/mountainhouse.cl\/en\/wp-json\/wp\/v2\/product_brand?post=19853"},{"taxonomy":"product_cat","embeddable":true,"href":"https:\/\/mountainhouse.cl\/en\/wp-json\/wp\/v2\/product_cat?post=19853"},{"taxonomy":"product_tag","embeddable":true,"href":"https:\/\/mountainhouse.cl\/en\/wp-json\/wp\/v2\/product_tag?post=19853"}],"curies":[{"name":"wp","href":"https:\/\/api.w.org\/{rel}","templated":true}]}}

<h6 data-path-to-node="3">Mountain Equipment Tromso Women&#8217;s Parka: <span class="citation-99 citation-end-99">Diseño Elegante y Funcional.</span></h6>
<p>&nbsp;</p>
<ul class="icon_with_text text-black text-md product__details__icon-text">
<li class="flex-grow flex flex-row w-full items-center gap-y-2 text-left mb-2"><picture class="only:my-auto o-picture"><img decoding="async" class="o-img" src="https://mountain-equipment.eu/cdn/shop/files/mountain.png?height=28&amp;v=1694513313&amp;width=28" sizes="28px" srcset="//mountain-equipment.eu/cdn/shop/files/mountain.png?height=28&amp;v=1694513313&amp;width=28 28w" alt="" width="28" height="28" data-src="//mountain-equipment.eu/cdn/shop/files/mountain.png?height=28&amp;v=1694513313&amp;width=28" data-srcset="//mountain-equipment.eu/cdn/shop/files/mountain.png?height=28&amp;v=1694513313&amp;width=28 28w" /> Ideal para: Ocio y vida cotidiana</picture></li>
<li class="flex-grow flex flex-row w-full items-center gap-y-2 text-left mb-2"><picture class="only:my-auto o-picture"><img decoding="async" class="o-img" src="https://mountain-equipment.eu/cdn/shop/files/weight.png?height=28&amp;v=1694513091&amp;width=28" sizes="28px" srcset="//mountain-equipment.eu/cdn/shop/files/weight.png?height=28&amp;v=1694513091&amp;width=28 28w" alt="" width="28" height="28" data-src="//mountain-equipment.eu/cdn/shop/files/weight.png?height=28&amp;v=1694513091&amp;width=28" data-srcset="//mountain-equipment.eu/cdn/shop/files/weight.png?height=28&amp;v=1694513091&amp;width=28 28w" /> Peso: 780 g (talla 12/M)</picture></li>
<li class="flex-grow flex flex-row w-full items-center gap-y-2 text-left mb-2"><picture class="only:my-auto o-picture"><img decoding="async" class="o-img" src="https://mountain-equipment.eu/cdn/shop/files/modelsizeicon.png?height=28&amp;v=1724153068&amp;width=28" sizes="28px" srcset="//mountain-equipment.eu/cdn/shop/files/modelsizeicon.png?height=28&amp;v=1724153068&amp;width=28 28w" alt="" width="28" height="28" data-src="//mountain-equipment.eu/cdn/shop/files/modelsizeicon.png?height=28&amp;v=1724153068&amp;width=28" data-srcset="//mountain-equipment.eu/cdn/shop/files/modelsizeicon.png?height=28&amp;v=1724153068&amp;width=28 28w" /> La modelo mide 1,70 m y lleva una talla 12</picture></li>
</ul>
<h6 data-path-to-node="5"><b data-path-to-node="5" data-index-in-node="0">Descripción</b></h6>
<p data-path-to-node="5">La Parka Tromso de Mountain Equipment es el estándar mundial en calidez técnica y sostenibilidad. <span class="citation-99 citation-end-99">Diseñada para quienes enfrentan inviernos gélidos, esta prenda combina una protección climática excepcional con un diseño elegante y funcional.</span></p>
<p data-path-to-node="6"><span class="citation-98">Su exterior de tejido </span><b data-path-to-node="6" data-index-in-node="22"><span class="citation-98">DRILITE® LOFT 50D</span></b><span class="citation-98 citation-end-98"> es totalmente resistente al viento y altamente repelente al agua, protegiendo el interior de plumón incluso en condiciones de humedad o nieve.</span> Con un relleno de <b data-path-to-node="6" data-index-in-node="201">290g de plumón reciclado de 700 CUIN</b>, ofrece una capacidad térmica superior sin añadir peso excesivo, manteniendo el calor corporal en los días más fríos de la Patagonia.</p>
<div class="source-inline-chip-container ng-star-inserted"></div>
<p data-path-to-node="7"><b data-path-to-node="7" data-index-in-node="0">Características principales:</b></p>
<ul data-path-to-node="8">
<li>
<p data-path-to-node="8,0,0"><b data-path-to-node="8,0,0" data-index-in-node="0">Aislamiento:</b><span class="citation-97 citation-end-97"> 290g de plumón reciclado de alta calidad (700 fill power).</span></p>
</li>
<li>
<p data-path-to-node="8,1,0"><b data-path-to-node="8,1,0" data-index-in-node="0">Tejido Exterior:</b><span class="citation-96 citation-end-96"> DRILITE® LOFT 50D; totalmente cortaviento y altamente resistente al agua (DWR libre de PFC).</span></p>
</li>
<li>
<p data-path-to-node="8,2,0"><b data-path-to-node="8,2,0" data-index-in-node="0">Corte:</b> Parka de largo extendido para mayor cobertura y calidez en la zona de la cadera.</p>
</li>
<li>
<p data-path-to-node="8,3,0"><b data-path-to-node="8,3,0" data-index-in-node="0"><span class="citation-95">Capucha &#8220;Mountain&#8221;:</span></b><span class="citation-95 citation-end-95"> Ajustable y desmontable mediante cierre para mayor versatilidad.</span></p>
</li>
<li>
<p data-path-to-node="8,4,0"><b data-path-to-node="8,4,0" data-index-in-node="0">Almacenamiento:</b><span class="citation-94 citation-end-94"> 2 bolsillos laterales con cierre para calentar las manos y un bolsillo interno de seguridad.</span></p>
</li>
<li>
<p data-path-to-node="8,5,0"><b data-path-to-node="8,5,0" data-index-in-node="0">Sostenibilidad:</b><span class="citation-93 citation-end-93"> Certificación Fair Wear y uso de materiales 100% reciclados.</span></p>
</li>
<li>
<p data-path-to-node="8,6,0"><b data-path-to-node="8,6,0" data-index-in-node="0">Peso:</b> 780g.</p>
</li>
</ul>
<div>
<p class="flex flex-nowrap font-heading text-lg"><strong>Guía de lavado y cuidado</strong></p>
</div>
<div class="c-wysiwyg c-wysiwyg--feature-tab-content c-wysiwyg--feature-tab-content-md pt-5 pb-5 lg:pr-8 lg:pl-8">
<div class="metafield-rich_text_field">
<div class="inline-flex flex-col lg:flex-row w-full lg:w-1/2">
<p class="font-heading lg:mb-0 mb-3 lg:w-1/4"><strong>Lavado &#8211; </strong><span style="font-size: 16px;">Lavar a máquina a 30°C con detergente líquido o un limpiador especializado. </span></p>
<p class="font-heading lg:mb-0 mb-3 lg:w-1/4"><strong>El secado &#8211; </strong><span style="font-size: 16px;">Secar en secadora a temperatura baja. </span></p>
</div>
<div class="inline-flex flex-col lg:flex-row w-full lg:w-1/2">
<p class="font-heading lg:mb-0 mb-3 lg:w-1/4"><strong>Almacenamiento &#8211; </strong><span style="font-size: 16px;">Conservar en un lugar fresco y seco, alejado de la luz solar directa.</span></p>
</div>
</div>
</div>

<p>La parka Tromso de corte más largo es un abrigo de plumón robusto y cálido para el uso diario en invierno con temperaturas gélidas.</p>
<p><img loading="lazy" decoding="async" class="alignnone wp-image-7357" src="https://mountainhouse.cl/wp-content/uploads/2021/06/Mountain_Equipment_Logo-svg-300x186.png" alt="" width="177" height="110" srcset="https://mountainhouse.cl/wp-content/uploads/2021/06/Mountain_Equipment_Logo-svg-300x186.png 300w, https://mountainhouse.cl/wp-content/uploads/2021/06/Mountain_Equipment_Logo-svg-1024x634.png 1024w, https://mountainhouse.cl/wp-content/uploads/2021/06/Mountain_Equipment_Logo-svg-768x475.png 768w, https://mountainhouse.cl/wp-content/uploads/2021/06/Mountain_Equipment_Logo-svg-1536x951.png 1536w, https://mountainhouse.cl/wp-content/uploads/2021/06/Mountain_Equipment_Logo-svg-600x371.png 600w, https://mountainhouse.cl/wp-content/uploads/2021/06/Mountain_Equipment_Logo-svg.png 2000w" sizes="(max-width: 177px) 100vw, 177px" /></p>
