{"id":7360,"date":"2021-06-02T17:36:39","date_gmt":"2021-06-02T21:36:39","guid":{"rendered":"https:\/\/mountainhouse.cl\/?post_type=product&#038;p=7360"},"modified":"2026-01-13T10:53:13","modified_gmt":"2026-01-13T13:53:13","slug":"gorro-ridge-cuff-beanie-100-lana-merino-minus33","status":"publish","type":"product","link":"https:\/\/mountainhouse.cl\/en\/product\/gorro-ridge-cuff-beanie-100-lana-merino-minus33\/","title":{"rendered":"GORRO RIDGE CUFF BEANIE 100% LANA MERINO MINUS33"},"content":{"rendered":"<p>Si quieres estilo, comodidad y calidez para tu cabeza, \u00a1este es el sombrero para ti!<\/p>\n<p>El Ridge Cuff tiene dos capas para brindar todo el calor necesario en un d\u00eda fr\u00edo de invierno mientras se mantiene liviano, c\u00f3modo y plegable. \u00a1Este sombrero es perfecto para tu pr\u00f3xima aventura o para pasear por la calle!<\/p>\n<p><strong>DETALLES<\/strong><\/p>\n<p><strong>Contenido de fibra: 100% lana merino<\/strong><br \/>\n<strong>Tejido: tejido entrelazado de peso medio de 235 g \/ m2<\/strong><br \/>\n<strong>Micrones: fibras de 18,5 micrones<\/strong><br \/>\n<strong>Clasificaci\u00f3n UPF: 50+<\/strong><br \/>\nCuidado f\u00e1cil total: lavar y secar a m\u00e1quina<br \/>\nFuente de lana: Australia<\/p>\n<p>Doble capa: 2 capas de lana merino para mayor calidez<br \/>\nPu\u00f1o: O qu\u00edtelo para conseguir ese look holgado.<br \/>\nLigero y plegable: cabe muy bien en su bolsillo<br \/>\nEtiqueta de cuidado desprendible: se puede quitar despu\u00e9s de la compra<br \/>\n<strong>Peso: 2,4 oz (68 gramos)<\/strong><\/p>\n<p>Temporadas ideales: primavera, verano, oto\u00f1o, invierno<br \/>\nActividades: Uso diario, Senderismo, Camping, Ciclismo, Correr, Pesca, Caza, Deportes de nieve<br \/>\nRecomendaciones de temperatura: 30 \u00b0 F a 0 \u00b0 F mientras est\u00e1 activo, 30 \u00b0 F a 60 \u00b0 F mientras est\u00e1 inactivo &#8211; M\u00e1s informaci\u00f3n<\/p>","protected":false},"excerpt":{"rendered":"<p>Gorro hecho 100% de Lana Merino Australiana, adem\u00e1s es reversible! Negro o Gris? El que te guste m\u00e1s!<\/p>\n<p><img decoding=\"async\" class=\"alignnone size-full wp-image-1437\" src=\"https:\/\/mountainhouse.cl\/wp-content\/uploads\/2020\/04\/minus33.png\" alt=\"\" width=\"97\" height=\"70\" \/><\/p>","protected":false},"featured_media":7365,"template":"","meta":{"om_disable_all_campaigns":false,"_uf_show_specific_survey":0,"_uf_disable_surveys":false,"site-sidebar-layout":"default","site-content-layout":"","ast-site-content-layout":"default","site-content-style":"default","site-sidebar-style":"default","ast-global-header-display":"","ast-banner-title-visibility":"","ast-main-header-display":"","ast-hfb-above-header-display":"","ast-hfb-below-header-display":"","ast-hfb-mobile-header-display":"","site-post-title":"","ast-breadcrumbs-content":"","ast-featured-img":"","footer-sml-layout":"","ast-disable-related-posts":"","theme-transparent-header-meta":"default","adv-header-id-meta":"","stick-header-meta":"","header-above-stick-meta":"","header-main-stick-meta":"","header-below-stick-meta":"","astra-migrate-meta-layouts":"set","ast-page-background-enabled":"default","ast-page-background-meta":{"desktop":{"background-color":"","background-image":"","background-repeat":"repeat","background-position":"center center","background-size":"auto","background-attachment":"scroll","background-type":"","background-media":"","overlay-type":"","overlay-color":"","overlay-opacity":"","overlay-gradient":""},"tablet":{"background-color":"","background-image":"","background-repeat":"repeat","background-position":"center center","background-size":"auto","background-attachment":"scroll","background-type":"","background-media":"","overlay-type":"","overlay-color":"","overlay-opacity":"","overlay-gradient":""},"mobile":{"background-color":"","background-image":"","background-repeat":"repeat","background-position":"center center","background-size":"auto","background-attachment":"scroll","background-type":"","background-media":"","overlay-type":"","overlay-color":"","overlay-opacity":"","overlay-gradient":""}},"ast-content-background-meta":{"desktop":{"background-color":"var(--ast-global-color-5)","background-image":"","background-repeat":"repeat","background-position":"center center","background-size":"auto","background-attachment":"scroll","background-type":"","background-media":"","overlay-type":"","overlay-color":"","overlay-opacity":"","overlay-gradient":""},"tablet":{"background-color":"var(--ast-global-color-5)","background-image":"","background-repeat":"repeat","background-position":"center center","background-size":"auto","background-attachment":"scroll","background-type":"","background-media":"","overlay-type":"","overlay-color":"","overlay-opacity":"","overlay-gradient":""},"mobile":{"background-color":"var(--ast-global-color-5)","background-image":"","background-repeat":"repeat","background-position":"center center","background-size":"auto","background-attachment":"scroll","background-type":"","background-media":"","overlay-type":"","overlay-color":"","overlay-opacity":"","overlay-gradient":""}},"_joinchat":[]},"product_brand":[],"product_cat":[96,452,146,149,145,153,140,31,376,102,453,155,147,152,35,151,134,424,425,150,389,148,99,128],"product_tag":[285,1017,1026,1025,1024,1019,287,1022,284,361,1021,1028,1023,360,1020],"class_list":["post-7360","product","type-product","status-publish","has-post-thumbnail","product_cat-accesorios","product_cat-antarctica","product_cat-camping","product_cat-ciclismo","product_cat-equipamiento","product_cat-expedicion","product_cat-gorros","product_cat-hombre","product_cat-merino","product_cat-lifestyle","product_cat-lifestylem","product_cat-minus33","product_cat-montana-equipamiento","product_cat-moto","product_cat-mujer","product_cat-pesca","product_cat-primeracapa","product_cat-primeracapam","product_cat-primeracapah","product_cat-running_trail","product_cat-ski-snowboard","product_cat-trekking-equipamiento","product_cat-unisex","product_cat-vestuario","product_tag-beanie","product_tag-beanies","product_tag-bobbble","product_tag-flash","product_tag-gorrito-para-la-nieve","product_tag-gorro-de-invierno","product_tag-gorro-de-lana","product_tag-gorro-de-nieve","product_tag-gorros","product_tag-invierno","product_tag-reflectante","product_tag-sherpa-knitted","product_tag-snow-beanie","product_tag-winter","product_tag-winter-beanie","desktop-align-left","tablet-align-left","mobile-align-left","first","instock","featured","purchasable","product-type-variable"],"_links":{"self":[{"href":"https:\/\/mountainhouse.cl\/en\/wp-json\/wp\/v2\/product\/7360","targetHints":{"allow":["GET"]}}],"collection":[{"href":"https:\/\/mountainhouse.cl\/en\/wp-json\/wp\/v2\/product"}],"about":[{"href":"https:\/\/mountainhouse.cl\/en\/wp-json\/wp\/v2\/types\/product"}],"version-history":[{"count":10,"href":"https:\/\/mountainhouse.cl\/en\/wp-json\/wp\/v2\/product\/7360\/revisions"}],"predecessor-version":[{"id":17319,"href":"https:\/\/mountainhouse.cl\/en\/wp-json\/wp\/v2\/product\/7360\/revisions\/17319"}],"wp:featuredmedia":[{"embeddable":true,"href":"https:\/\/mountainhouse.cl\/en\/wp-json\/wp\/v2\/media\/7365"}],"wp:attachment":[{"href":"https:\/\/mountainhouse.cl\/en\/wp-json\/wp\/v2\/media?parent=7360"}],"wp:term":[{"taxonomy":"product_brand","embeddable":true,"href":"https:\/\/mountainhouse.cl\/en\/wp-json\/wp\/v2\/product_brand?post=7360"},{"taxonomy":"product_cat","embeddable":true,"href":"https:\/\/mountainhouse.cl\/en\/wp-json\/wp\/v2\/product_cat?post=7360"},{"taxonomy":"product_tag","embeddable":true,"href":"https:\/\/mountainhouse.cl\/en\/wp-json\/wp\/v2\/product_tag?post=7360"}],"curies":[{"name":"wp","href":"https:\/\/api.w.org\/{rel}","templated":true}]}}

<p>Si quieres estilo, comodidad y calidez para tu cabeza, ¡este es el sombrero para ti!</p>
<p>El Ridge Cuff tiene dos capas para brindar todo el calor necesario en un día frío de invierno mientras se mantiene liviano, cómodo y plegable. ¡Este sombrero es perfecto para tu próxima aventura o para pasear por la calle!</p>
<p><strong>DETALLES</strong></p>
<p><strong>Contenido de fibra: 100% lana merino</strong><br />
<strong>Tejido: tejido entrelazado de peso medio de 235 g / m2</strong><br />
<strong>Micrones: fibras de 18,5 micrones</strong><br />
<strong>Clasificación UPF: 50+</strong><br />
Cuidado fácil total: lavar y secar a máquina<br />
Fuente de lana: Australia</p>
<p>Doble capa: 2 capas de lana merino para mayor calidez<br />
Puño: O quítelo para conseguir ese look holgado.<br />
Ligero y plegable: cabe muy bien en su bolsillo<br />
Etiqueta de cuidado desprendible: se puede quitar después de la compra<br />
<strong>Peso: 2,4 oz (68 gramos)</strong></p>
<p>Temporadas ideales: primavera, verano, otoño, invierno<br />
Actividades: Uso diario, Senderismo, Camping, Ciclismo, Correr, Pesca, Caza, Deportes de nieve<br />
Recomendaciones de temperatura: 30 ° F a 0 ° F mientras está activo, 30 ° F a 60 ° F mientras está inactivo &#8211; Más información</p>

<p>Gorro hecho 100% de Lana Merino Australiana, además es reversible! Negro o Gris? El que te guste más!</p>
<p><img decoding="async" class="alignnone size-full wp-image-1437" src="https://mountainhouse.cl/wp-content/uploads/2020/04/minus33.png" alt="" width="97" height="70" /></p>
